*3 + 4*g**2 - 2*g + 3. Let a be (-1)/(((-12)/32)/3). Let k(h) = 4*h**3 - 11*h**2 + 5*h - 8. Let o(f) = a*l(f) + 3*k(f). Calculate o(-1).
-4
Let u(l) = 2*l**2 - 6*l + 1. Let p be u(5). Suppose -5*n + n = -3*g + 21, -p = -3*g - 4*n. Let b(z) = -2 + 5 + z - g. What is b(-3)?
-7
Suppose 5*k - 6*k + 4 = 0. Let p(b) = 5 - 4 + 0*b - k + b. Give p(6).
3
Let l(k) be the third derivative of k**6/24 + k**5/20 - 5*k**4/24 - 4*k**3/3 + k**2. Let y(n) = -n**3 + 1. Let i(m) = -l(m) - 4*y(m). What is i(-4)?
0
Let x(l) = l**3 + 6*l**2 + 7*l + 6. Let j = -20 + 28. Let r = 4 + j. Let q = 7 - r. Calculate x(q).
-4
Let j(z) = -z - 5. Let y be j(-5). Let a(n) be the third derivative of n**4/24 - n**3/3 + 5*n**2. Determine a(y).
-2
Let o(d) = d**2 + d - 1. Let c(q) = -2*q**2 - 3*q + 3. Let u(s) = -4*c(s) - 7*o(s). Give u(-5).
-5
Suppose -3 = -0*a - a. Suppose -a = -f + 4*f - 2*v, v - 7 = -4*f. Let x(g) = f + 5*g - 6*g + 2*g. Give x(-1).
0
Let a(j) be the first derivative of -j**4/4 - 2*j**3 - 5*j - 52. Suppose -b - 18 = 2*b. Calculate a(b).
-5
Let a(i) = i - 26 - 6 - 7*i. Let z(s) = 2*s + 11. Suppose -10 = 2*m - 2*n, -3*m + 2*m + 4*n - 5 = 0. Let y(j) = m*a(j) - 14*z(j). Give y(-5).
-4
Let b(u) = -u**2 - 5*u - 4. Suppose -12 = -3*o + 7*o. Give b(o).
2
Let v(y) = 2*y - 1 - 4*y**3 + 4*y - 5*y. Determine v(1).
-4
Let v(n) = -5*n**2 - 3*n - 8. Let l(p) = p**2 + p + 1. Let u(z) = -6*l(z) - v(z). Let a = 5 - 8. Determine u(a).
2
Let z(r) = -r**3 - 5*r**2 - 3*r + 2. Suppose 4*a + 4 + 9 = -5*q, -4*a - 8 = 4*q. Let h be (-25)/10*(-6)/q. Determine z(h).
-7
Let s(z) = -5*z - 1. Let j be 6*(-2)/4 - -4. What is s(j)?
-6
Let z(g) = -3*g**2 + 6. Let q(w) = 2*w - 2. Let l be q(2). Let f(k) = k**2. Let h(d) = l*f(d) + z(d). Let o = 8 + -8. Determine h(o).
6
Let f(o) = 2*o + 4. Let g be -5 - (-3 + 4) - -2. Determine f(g).
-4
Let i(z) = -z + 6. Let h be i(3). Let j(q) = 14*q**2 + 20*q + 3. Let u(v) = -5*v**2 - 7*v - 1. Let o(g) = -6*j(g) - 17*u(g). Determine o(h).
5
Let p(v) = 0*v**2 + 3*v**2 - 4*v**2 - 5 - 9*v. Let a(s) = -s**2 - 8*s - 4. Let d(o) = -4*a(o) + 3*p(o). Let c be ((-2)/(-6))/(10/(-60)). Give d(c).
-5
Let l(w) = -w + 3*w - 8*w. Determine l(-1).
6
Let g = -35 - -42. Let a(l) = l - 2. What is a(g)?
5
Let t = 1 - -4. Suppose 2*h = t*h - 9. Let c(p) = 7*p**2 + 4*p + 6. Let y(g) = -6*g**2 - 3*g - 5. Let u(l) = -5*c(l) - 6*y(l). Determine u(h).
3
Let o(b) = 7*b**3 + 5*b - 11. Let k(x) = 6*x**3 - x**2 + 5*x - 10. Let r(j) = 6*k(j) - 5*o(j). Determine r(5).
-5
Suppose 5*z = n + 16, n - 8 = -6*z + 3*z. Let v(q) be the second derivative of -q**4/12 + q**3/6 - q**2 + 11*q. What is v(z)?
-8
Let j(w) = 0*w - 11*w + 4*w + w**2 - 2. Calculate j(6).
-8
Suppose -3*t - 5*a + 21 = 0, 4*t = -a - 4*a + 28. Suppose 0 = d - t + 3. Let p(c) = c**3 - 6*c**2 + 6*c - 2. Give p(d).
-10
Let c(j) = -j**2 + 7*j + 7. Let l be c(8). Let a(g) = 12*g**2 + 9*g. Let o(f) = -6*f**2 - 4*f. Let m(v) = 3*a(v) + 7*o(v). Calculate m(l).
-5
Suppose -z + 6*z + 10 = -3*t, -30 = -5*t + z. Suppose -4*g + t = -3. Let d be g/8 + (-21)/4. Let w(i) = i**2 + 6*i + 7. Determine w(d).
2
Let m = 17 - 18. Let c(r) = -6*r**2 + 2*r + 1. Calculate c(m).
-7
Let v(d) = -10*d + 19. Let m(k) = -3*k + 6. Let c(g) = -7*m(g) + 2*v(g). Determine c(7).
3
Let l = 26 - 24. Let i(v) = v**2 - 3*v + 2. What is i(l)?
0
Let c = -3 + 3. Suppose c*b - 5*l = -4*b, -2*b + l = 0. Suppose b = -5*y + 4*y. Let i(v) = -v - 4. Calculate i(y).
-4
Let o(w) = 14*w - 3. Let d be o(2). Suppose -2*m = 3*m - d. Let r(y) = -y**2 + 4*y + 6. What is r(m)?
1
Let x be 6/3 + 0 + 1. Suppose 2*k + 3 = -5. Let j(a) = 3*a**3 + 3*a**2 - 3*a + 1. Let r(v) = -v**3 + v - 1. Let p(y) = k*r(y) - j(y). Give p(x).
0
Let s(z) be the first derivative of 3/2*z**2 - 1 - 2*z. Let u be ((-1)/2)/((-2)/12). Calculate s(u).
7
Let b(n) be the second derivative of -n**3/6 + n**2/2 + 2*n. Let p = 6 + -11. Calculate b(p).
6
Suppose 0 = -2*k - 3*y - y - 14, 4*k - y + 1 = 0. Let f(r) be the first derivative of 5*r**2 + r + 32. Determine f(k).
-9
Suppose -3*t + 3 = 0, 4*i - t - 1 = 2*t. Let n = -5 - -8. Let q(s) = -n*s + 6*s + 0*s. Give q(i).
3
Let s be 2*(15/(-2))/(-5). Let u = s - 9. Let t(v) = v**3 + 7*v**2 + 5*v - 3. Determine t(u).
3
Let w be (-1)/3*(0 + -6). Let c(t) = 3*t - 9 + 3*t**3 - w*t**3 + 2*t**2 + 6 + 4*t**2. Give c(-5).
7
Let h(u) = -5*u**2 + 1. Let k(d) = d**3 + 7*d**2 + 6*d + 6. Let b be k(-6). Let j = b + -5. Calculate h(j).
-4
Let c(w) be the second derivative of -w**6/360 - w**5/30 + w**3/3 - w. Let s(y) be the second derivative of c(y). Suppose 15 = -2*u - u. Give s(u).
-5
Let a(q) = 4*q**3 - 4 - 7*q + 6*q + 3. Let b = -1 - -4. Suppose b*h - 8 = 2*o, -o = 5*h - 11 + 2. Determine a(o).
-4
Let g(r) = r**3 - r**2 + 1. Let o(i) = 4*i**3 - 11*i**2 - 6*i + 2. Let q(c) = 5*g(c) - o(c). What is q(-5)?
-2
Let i(m) = -m**3 + 3*m**2 - 2*m + 3. Let w be 1/(-2)*(-6 + 2). Let u be i(w). Let s(x) = 3*x - 4*x - 2 - x. Give s(u).
-8
Let p = -8 - -18. Let i(c) = 2*c - 3 + 0*c + c + p. Give i(-5).
-8
Let t(g) = 9*g**3 - 2*g**2 - g. Suppose -2*k - 5 = 3*k. What is t(k)?
-10
Let o be (-8)/6*(-3)/2. Suppose 0*u - o*u + 10 = 0. Let h(m) be the third derivative of -m**6/120 + m**5/12 + 7*m**3/6 - m**2. What is h(u)?
7
Let p(r) = -r - 2. Let o be p(5). Let j(q) = q**3 + 6*q**2 - 7*q + 10. Let u be j(o). Suppose 5*s = 5 + u. Let x(y) = -y**2 + 3*y - 4. Calculate x(s).
-4
Let u be -4*((-15)/(-6))/(-5). Let m = 4 - u. Let h(f) = 5 + f**2 - 2*f**2 + 4*f - 6. Calculate h(m).
3
Let p(j) = -j**2 - 3*j + 1. Let c(i) = i**2 + 3*i - 1. Let q(t) = -5*c(t) - 4*p(t). Calculate q(-3).
1
Suppose 6 = -2*y - 0. Let w = 1 - y. Let d(l) = -w + 0 - 8*l**2 + 1 + 2. Give d(1).
-9
Let z(o) = -2*o**2 + 3*o**2 - 6 + o + o**3 + 0. Determine z(0).
-6
Let s = -23 - -31. Let t(a) = -a + 7. Give t(s).
-1
Let c(n) = n**2 + 1 + 1 - 3 + n. Give c(-2).
1
Let u be (-9)/(-4)*8/(-3). Let j(q) = q**3 + 6*q**2 + 6. Determine j(u).
6
Let c(i) be the first derivative of 2*i**2 - 6*i + 3. Let v be 2/6 + 55/15. What is c(v)?
10
Let p(v) = v**2. Let h be 30/25*10/(-4). Let g = -4 - h. Determine p(g).
1
Let h(n) = n**2 + 2. Let m be h(2). Let k(z) = -z**3 + 6*z**2 + 2*z - 4. Determine k(m).
8
Let j(u) be the second derivative of -2*u**5/15 - u**4/12 - u**3/6 - 3*u**2/2 + 2*u. Let d(a) be the first derivative of j(a). What is d(-1)?
-7
Suppose 10 = 7*r - 2*r. Let a(w) = 5*w**r + 0*w - w + w. What is a(1)?
5
Suppose 35 = -5*g + 4*p + p, 5*g = -5*p - 15. Let i(o) = -o**3 - 3*o**2 + 6*o - 2. Calculate i(g).
18
Let f(y) = 6*y + 2. Let i(o) = -o. Let k(x) = f(x) + 4*i(x). Suppose 2*t = t + 5. Suppose 2*z + t = 1. Calculate k(z).
-2
Let l(m) = -m**3 - 3*m**2 - 4*m - 2. Let q(u) = 4*u + 5. Let r be q(-4). Let p(k) = -k**2 - 11*k - 2. Let g be p(r). Calculate l(g).
2
Let i(m) = -m**3 + 3*m**2 + 6*m - 1. Let d = 5 - 7. Let p be d/3 + (-42)/(-9). Suppose -2*s + p = -s. What is i(s)?
7
Let w(k) be the first derivative of 9*k**4/4 + k**2/2 - 11. Determine w(-1).
-10
Let j(y) = y - 2. Let w = 85 - 61. Let p = w - 19. What is j(p)?
3
Let y(p) = 1 + p**2 - 7*p - 3 - 2*p**2. Let x = -2 - 3. What is y(x)?
8
Let g be 0 + -2 + (-8)/(-2). Let m(n) = g - n**2 + 1 + 2*n**2 + 6*n. Let i(t) = -t**2 - 2*t - 1. Let h be i(-3). Determine m(h).
-5
Let w(x) = x**3 - 4*x**2 - 3*x - 7. Let f be (-6)/18 - ((-32)/(-3))/(-2). Calculate w(f).
3
Suppose x = -4 - 4. Let y(f) = f**2 + 7*f - 6. Let r be y(x). Let p(w) be the second derivative of -w**5/10 + w**4/3 - w**3/2 + w**2 + w. Determine p(r).
-4
Let x = -8 - -14. Let r(f) = -39*f + 1 + 38*f + 12. Give r(x).
7
Let f(i) = 3*i**2 - 2*i - 1. Let m be f(-3). Suppose 5*v + m = 7. Let w = v - -5. Let o(c) = -c - 5. Give o(w).
-5
Let q be 6*(2/4 - 1). Let v(b) be the third derivative of b**4/24 - b**3/3 - 20*b**2. Give v(q).
-5
Let f(y) be the first derivative of -y**4/4 + 5*y**3/3 - 3*y**2/2 + 4*y - 13. Suppose -10 = -5*z + 10. Calculate f(z).
8
Let j(z) be the second derivative of z**5/20 + z**4/4 - z**3/3 - z. Let h(b) = -b**2 + b - 5. Let r be h(0). Let i be 13/r - 2/5. What is j(i)?
6
Suppose 3*f + 5 = -2*v, 0*f = v + f. Suppose -v*m + 9 = 6*s - 2*s, -3*m + 19 = -s. Let t(u) = -u**3 - 5*u**2 - 5*u - 4. What is t(s)?
0
Let f(p) = 2*p**3 - p + p**3 + p**3. Suppose 3*m + k = 12, -8*k + 27 = 5*m - 4*k. Let x(h) = -h**3 + 2*h**2 